{"id":432,"date":"2023-01-31T16:39:12","date_gmt":"2023-01-31T14:39:12","guid":{"rendered":"https:\/\/www.kurkkumarkkinat.fi\/?page_id=432"},"modified":"2023-08-13T20:51:45","modified_gmt":"2023-08-13T17:51:45","slug":"askaisten-kurkkumarkkinat-2023","status":"publish","type":"page","link":"https:\/\/www.kurkkumarkkinat.fi\/?page_id=432","title":{"rendered":"Askaisten Kurkkumarkkinat 2023"},"content":{"rendered":"\n<p>Kurkkumarkkinat j\u00e4rjestettiin 12.8.2023 40. kerran. Myynniss\u00e4 oli avomaakurkkuja, kurkkus\u00e4ilykkeit\u00e4, perunoita, valkosipulia, tomaatteja yms kauden juuresta ja vihanneksia.<\/p>\n\n\n\n<p>Ruokapuolesta vastasivat erilaiset yhdistykset ja yritykset. <strong>Turun Keitti\u00f6mestarien<\/strong> kojulla maistellaan makuel\u00e4myksi\u00e4.<\/p>\n\n\n\n<p>Jo perinteisen poniajelun ja keppihevosradan lis\u00e4ksi juhlavuonna lapsia viihdytti&nbsp;<strong>taikuri Leevin taikashow.<\/strong><\/p>\n\n\n\n<p>Markkinoiden virallinen avaus tapahtui kello 11:00 ja avajaispuheen piti Maskun uusi kunnanjohtaja <strong>Miira Raiskila<\/strong>&nbsp;ja juhlapuheen piti Varsinais-Suomen kyl\u00e4asiamies&nbsp;<strong>Tauno Linkoranta<\/strong>. Kello 12:00 julkistettiin Vuoden Kurkunleikkaajaksi valittu <strong>Kimmo Saarinen Askaisten Pr\u00e4nn\u00e4rist\u00e4<\/strong>.<\/p>\n\n\n\n<p>Eniten kurkkuja kasvattanut Maskun koulun oppilas oli vuonna 2023 <strong>Miko Lindroth<\/strong>. Kurkkuja kertyi sadoksi asti 40 kpl yhdest\u00e4 ainoasta kurkunsiemenst\u00e4.<\/p>\n\n\n\n<p>Kello 14:00 julkistettiin paras kurkkuaiheinen piirustus.<\/p>\n\n\n\n<p>Musiikista markkinoilla vastasi t\u00e4ll\u00e4 kertaa&nbsp;<strong>duo Anu Kivel\u00e4 &amp; Tinke<\/strong>. <\/p>\n\n\n\n<p>Markkinoilla julkistettiin my\u00f6s Varsinais-Suomen vuoden 2023 kyl\u00e4, joka oli Salon Angelniemi. Mietoinen ja Velkua palkittiin kunniamaininnoin.<\/p>\n\n\n\n<p>Markkinais\u00e4nt\u00e4n\u00e4&nbsp;markkinoilla oli kukas muukaan, kuin <strong>Markku Heikkil\u00e4<\/strong>&#8211; &nbsp;jo 36. kerran.<\/p>\n\n\n\n<h1 class=\"wp-block-heading\">Tunnelmia markkinoilta<\/h1>\n\n\n\n<figure class=\"wp-block-gallery has-nested-images columns-default is-cropped wp-block-gallery-1 is-layout-flex wp-block-gallery-is-layout-flex\">\n<figure class=\"wp-block-image size-large\"><img loading=\"lazy\" decoding=\"async\" width=\"1024\" height=\"576\" data-id=\"452\" src=\"https:\/\/www.kurkkumarkkinat.fi\/wp-content\/uploads\/2023\/08\/2ed9a243-dcbd-42c0-bd60-083b9340eee6-1024x576.jpg\" alt=\"\" class=\"wp-image-452\" srcset=\"https:\/\/www.kurkkumarkkinat.fi\/wp-content\/uploads\/2023\/08\/2ed9a243-dcbd-42c0-bd60-083b9340eee6-1024x576.jpg 1024w, https:\/\/www.kurkkumarkkinat.fi\/wp-content\/uploads\/2023\/08\/2ed9a243-dcbd-42c0-bd60-083b9340eee6-300x169.jpg 300w, https:\/\/www.kurkkumarkkinat.fi\/wp-content\/uploads\/2023\/08\/2ed9a243-dcbd-42c0-bd60-083b9340eee6-768x432.jpg 768w, https:\/\/www.kurkkumarkkinat.fi\/wp-content\/uploads\/2023\/08\/2ed9a243-dcbd-42c0-bd60-083b9340eee6-1536x864.jpg 1536w, https:\/\/www.kurkkumarkkinat.fi\/wp-content\/uploads\/2023\/08\/2ed9a243-dcbd-42c0-bd60-083b9340eee6.jpg 2048w\" sizes=\"auto, (max-width: 767px) 89vw, (max-width: 1000px) 54vw, (max-width: 1071px) 543px, 580px\" \/><figcaption class=\"wp-element-caption\">Kurkkulippikset l\u00f6ysiv\u00e4t monen markkinak\u00e4vij\u00e4n p\u00e4\u00e4h\u00e4n<\/figcaption><\/figure>\n\n\n\n<figure class=\"wp-block-image size-large\"><img loading=\"lazy\" decoding=\"async\" width=\"1024\" height=\"1024\" data-id=\"455\" src=\"https:\/\/www.kurkkumarkkinat.fi\/wp-content\/uploads\/2023\/08\/97406439-886D-413C-903F-0D7D2172F82E-1-1024x1024.png\" alt=\"\" class=\"wp-image-455\" srcset=\"https:\/\/www.kurkkumarkkinat.fi\/wp-content\/uploads\/2023\/08\/97406439-886D-413C-903F-0D7D2172F82E-1-1024x1024.png 1024w, https:\/\/www.kurkkumarkkinat.fi\/wp-content\/uploads\/2023\/08\/97406439-886D-413C-903F-0D7D2172F82E-1-300x300.png 300w, https:\/\/www.kurkkumarkkinat.fi\/wp-content\/uploads\/2023\/08\/97406439-886D-413C-903F-0D7D2172F82E-1-150x150.png 150w, https:\/\/www.kurkkumarkkinat.fi\/wp-content\/uploads\/2023\/08\/97406439-886D-413C-903F-0D7D2172F82E-1-768x768.png 768w, https:\/\/www.kurkkumarkkinat.fi\/wp-content\/uploads\/2023\/08\/97406439-886D-413C-903F-0D7D2172F82E-1-100x100.png 100w, https:\/\/www.kurkkumarkkinat.fi\/wp-content\/uploads\/2023\/08\/97406439-886D-413C-903F-0D7D2172F82E-1.png 1080w\" sizes=\"auto, (max-width: 767px) 89vw, (max-width: 1000px) 54vw, (max-width: 1071px) 543px, 580px\" \/><\/figure>\n\n\n\n<figure class=\"wp-block-image size-large\"><img loading=\"lazy\" decoding=\"async\" width=\"576\" height=\"1024\" data-id=\"458\" src=\"https:\/\/www.kurkkumarkkinat.fi\/wp-content\/uploads\/2023\/08\/IMG_0621-576x1024.jpeg\" alt=\"\" class=\"wp-image-458\" srcset=\"https:\/\/www.kurkkumarkkinat.fi\/wp-content\/uploads\/2023\/08\/IMG_0621-576x1024.jpeg 576w, https:\/\/www.kurkkumarkkinat.fi\/wp-content\/uploads\/2023\/08\/IMG_0621-169x300.jpeg 169w, https:\/\/www.kurkkumarkkinat.fi\/wp-content\/uploads\/2023\/08\/IMG_0621-768x1365.jpeg 768w, https:\/\/www.kurkkumarkkinat.fi\/wp-content\/uploads\/2023\/08\/IMG_0621-864x1536.jpeg 864w, https:\/\/www.kurkkumarkkinat.fi\/wp-content\/uploads\/2023\/08\/IMG_0621-1152x2048.jpeg 1152w, https:\/\/www.kurkkumarkkinat.fi\/wp-content\/uploads\/2023\/08\/IMG_0621-scaled.jpeg 1440w\" sizes=\"auto, (max-width: 576px) 100vw, 576px\" \/><figcaption class=\"wp-element-caption\">Edelt\u00e4v\u00e4n\u00e4 iltana klo 18.00<\/figcaption><\/figure>\n\n\n\n<figure class=\"wp-block-image size-large\"><img loading=\"lazy\" decoding=\"async\" width=\"576\" height=\"1024\" data-id=\"457\" src=\"https:\/\/www.kurkkumarkkinat.fi\/wp-content\/uploads\/2023\/08\/IMG_0624-576x1024.jpeg\" alt=\"\" class=\"wp-image-457\" srcset=\"https:\/\/www.kurkkumarkkinat.fi\/wp-content\/uploads\/2023\/08\/IMG_0624-576x1024.jpeg 576w, https:\/\/www.kurkkumarkkinat.fi\/wp-content\/uploads\/2023\/08\/IMG_0624-169x300.jpeg 169w, https:\/\/www.kurkkumarkkinat.fi\/wp-content\/uploads\/2023\/08\/IMG_0624-768x1365.jpeg 768w, https:\/\/www.kurkkumarkkinat.fi\/wp-content\/uploads\/2023\/08\/IMG_0624-864x1536.jpeg 864w, https:\/\/www.kurkkumarkkinat.fi\/wp-content\/uploads\/2023\/08\/IMG_0624-1152x2048.jpeg 1152w, https:\/\/www.kurkkumarkkinat.fi\/wp-content\/uploads\/2023\/08\/IMG_0624-scaled.jpeg 1440w\" sizes=\"auto, (max-width: 576px) 100vw, 576px\" \/><figcaption class=\"wp-element-caption\">Yhteisty\u00f6ss\u00e4 on voimaa<\/figcaption><\/figure>\n\n\n\n<figure class=\"wp-block-image size-large\"><img loading=\"lazy\" decoding=\"async\" width=\"1024\" height=\"576\" data-id=\"456\" src=\"https:\/\/www.kurkkumarkkinat.fi\/wp-content\/uploads\/2023\/08\/IMG_0631-1024x576.jpeg\" alt=\"\" class=\"wp-image-456\" srcset=\"https:\/\/www.kurkkumarkkinat.fi\/wp-content\/uploads\/2023\/08\/IMG_0631-1024x576.jpeg 1024w, https:\/\/www.kurkkumarkkinat.fi\/wp-content\/uploads\/2023\/08\/IMG_0631-300x169.jpeg 300w, https:\/\/www.kurkkumarkkinat.fi\/wp-content\/uploads\/2023\/08\/IMG_0631-768x432.jpeg 768w, https:\/\/www.kurkkumarkkinat.fi\/wp-content\/uploads\/2023\/08\/IMG_0631-1536x864.jpeg 1536w, https:\/\/www.kurkkumarkkinat.fi\/wp-content\/uploads\/2023\/08\/IMG_0631-2048x1152.jpeg 2048w\" sizes=\"auto, (max-width: 767px) 89vw, (max-width: 1000px) 54vw, (max-width: 1071px) 543px, 580px\" \/><figcaption class=\"wp-element-caption\">Arpakopin jonoa<\/figcaption><\/figure>\n\n\n\n<figure class=\"wp-block-image size-large\"><img loading=\"lazy\" decoding=\"async\" width=\"576\" height=\"1024\" data-id=\"453\" src=\"https:\/\/www.kurkkumarkkinat.fi\/wp-content\/uploads\/2023\/08\/IMG_0634-576x1024.jpeg\" alt=\"\" class=\"wp-image-453\" srcset=\"https:\/\/www.kurkkumarkkinat.fi\/wp-content\/uploads\/2023\/08\/IMG_0634-576x1024.jpeg 576w, https:\/\/www.kurkkumarkkinat.fi\/wp-content\/uploads\/2023\/08\/IMG_0634-169x300.jpeg 169w, https:\/\/www.kurkkumarkkinat.fi\/wp-content\/uploads\/2023\/08\/IMG_0634-768x1365.jpeg 768w, https:\/\/www.kurkkumarkkinat.fi\/wp-content\/uploads\/2023\/08\/IMG_0634-864x1536.jpeg 864w, https:\/\/www.kurkkumarkkinat.fi\/wp-content\/uploads\/2023\/08\/IMG_0634-1152x2048.jpeg 1152w, https:\/\/www.kurkkumarkkinat.fi\/wp-content\/uploads\/2023\/08\/IMG_0634-scaled.jpeg 1440w\" sizes=\"auto, (max-width: 576px) 100vw, 576px\" \/><figcaption class=\"wp-element-caption\">Maskun kunnanjohtaja Miira Raiskilan markkinoiden avauspuhe<\/figcaption><\/figure>\n\n\n\n<figure class=\"wp-block-image size-large\"><img loading=\"lazy\" decoding=\"async\" width=\"768\" height=\"1024\" data-id=\"469\" src=\"https:\/\/www.kurkkumarkkinat.fi\/wp-content\/uploads\/2023\/08\/IMG_0652-768x1024.jpeg\" alt=\"\" class=\"wp-image-469\" srcset=\"https:\/\/www.kurkkumarkkinat.fi\/wp-content\/uploads\/2023\/08\/IMG_0652-768x1024.jpeg 768w, https:\/\/www.kurkkumarkkinat.fi\/wp-content\/uploads\/2023\/08\/IMG_0652-225x300.jpeg 225w, https:\/\/www.kurkkumarkkinat.fi\/wp-content\/uploads\/2023\/08\/IMG_0652-1152x1536.jpeg 1152w, https:\/\/www.kurkkumarkkinat.fi\/wp-content\/uploads\/2023\/08\/IMG_0652-1536x2048.jpeg 1536w, https:\/\/www.kurkkumarkkinat.fi\/wp-content\/uploads\/2023\/08\/IMG_0652-scaled.jpeg 1920w\" sizes=\"auto, (max-width: 767px) 89vw, (max-width: 1000px) 54vw, (max-width: 1071px) 543px, 580px\" \/><figcaption class=\"wp-element-caption\">Vuoden 2023 kurkunleikkaaja Kimmo Saarinen<\/figcaption><\/figure>\n<\/figure>\n","protected":false},"excerpt":{"rendered":"<p>Kurkkumarkkinat j\u00e4rjestettiin 12.8.2023 40. kerran. Myynniss\u00e4 oli avomaakurkkuja, kurkkus\u00e4ilykkeit\u00e4, perunoita, valkosipulia, tomaatteja yms kauden juuresta ja vihanneksia. Ruokapuolesta vastasivat erilaiset yhdistykset ja yritykset. Turun Keitti\u00f6mestarien kojulla maistellaan makuel\u00e4myksi\u00e4. Jo perinteisen poniajelun ja keppihevosradan lis\u00e4ksi juhlavuonna lapsia viihdytti&nbsp;taikuri Leevin taikashow. Markkinoiden virallinen avaus tapahtui kello 11:00 ja avajaispuheen piti Maskun uusi kunnanjohtaja Miira Raiskila&nbsp;ja juhlapuheen piti &hellip; <\/p>\n<p class=\"link-more\"><a href=\"https:\/\/www.kurkkumarkkinat.fi\/?page_id=432\" class=\"more-link\">Jatka lukemista<span class=\"screen-reader-text\"> &#8221;Askaisten Kurkkumarkkinat 2023&#8221;<\/span><\/a><\/p>\n","protected":false},"author":1,"featured_media":0,"parent":0,"menu_order":0,"comment_status":"closed","ping_status":"closed","template":"","meta":{"ngg_post_thumbnail":0,"footnotes":""},"class_list":["post-432","page","type-page","status-publish","hentry"],"_links":{"self":[{"href":"https:\/\/www.kurkkumarkkinat.fi\/index.php?rest_route=\/wp\/v2\/pages\/432","targetHints":{"allow":["GET"]}}],"collection":[{"href":"https:\/\/www.kurkkumarkkinat.fi\/index.php?rest_route=\/wp\/v2\/pages"}],"about":[{"href":"https:\/\/www.kurkkumarkkinat.fi\/index.php?rest_route=\/wp\/v2\/types\/page"}],"author":[{"embeddable":true,"href":"https:\/\/www.kurkkumarkkinat.fi\/index.php?rest_route=\/wp\/v2\/users\/1"}],"replies":[{"embeddable":true,"href":"https:\/\/www.kurkkumarkkinat.fi\/index.php?rest_route=%2Fwp%2Fv2%2Fcomments&post=432"}],"version-history":[{"count":19,"href":"https:\/\/www.kurkkumarkkinat.fi\/index.php?rest_route=\/wp\/v2\/pages\/432\/revisions"}],"predecessor-version":[{"id":478,"href":"https:\/\/www.kurkkumarkkinat.fi\/index.php?rest_route=\/wp\/v2\/pages\/432\/revisions\/478"}],"wp:attachment":[{"href":"https:\/\/www.kurkkumarkkinat.fi\/index.php?rest_route=%2Fwp%2Fv2%2Fmedia&parent=432"}],"curies":[{"name":"wp","href":"https:\/\/api.w.org\/{rel}","templated":true}]}}

<p>Kurkkumarkkinat järjestettiin 12.8.2023 40. kerran. Myynnissä oli avomaakurkkuja, kurkkusäilykkeitä, perunoita, valkosipulia, tomaatteja yms kauden juuresta ja vihanneksia.</p>



<p>Ruokapuolesta vastasivat erilaiset yhdistykset ja yritykset. <strong>Turun Keittiömestarien</strong> kojulla maistellaan makuelämyksiä.</p>



<p>Jo perinteisen poniajelun ja keppihevosradan lisäksi juhlavuonna lapsia viihdytti&nbsp;<strong>taikuri Leevin taikashow.</strong></p>



<p>Markkinoiden virallinen avaus tapahtui kello 11:00 ja avajaispuheen piti Maskun uusi kunnanjohtaja <strong>Miira Raiskila</strong>&nbsp;ja juhlapuheen piti Varsinais-Suomen kyläasiamies&nbsp;<strong>Tauno Linkoranta</strong>. Kello 12:00 julkistettiin Vuoden Kurkunleikkaajaksi valittu <strong>Kimmo Saarinen Askaisten Prännäristä</strong>.</p>



<p>Eniten kurkkuja kasvattanut Maskun koulun oppilas oli vuonna 2023 <strong>Miko Lindroth</strong>. Kurkkuja kertyi sadoksi asti 40 kpl yhdestä ainoasta kurkunsiemenstä.</p>



<p>Kello 14:00 julkistettiin paras kurkkuaiheinen piirustus.</p>



<p>Musiikista markkinoilla vastasi tällä kertaa&nbsp;<strong>duo Anu Kivelä &amp; Tinke</strong>. </p>



<p>Markkinoilla julkistettiin myös Varsinais-Suomen vuoden 2023 kylä, joka oli Salon Angelniemi. Mietoinen ja Velkua palkittiin kunniamaininnoin.</p>



<p>Markkinaisäntänä&nbsp;markkinoilla oli kukas muukaan, kuin <strong>Markku Heikkilä</strong>&#8211; &nbsp;jo 36. kerran.</p>



<h1 class="wp-block-heading">Tunnelmia markkinoilta</h1>



<figure class="wp-block-gallery has-nested-images columns-default is-cropped wp-block-gallery-1 is-layout-flex wp-block-gallery-is-layout-flex">
<figure class="wp-block-image size-large"><img loading="lazy" decoding="async" width="1024" height="576" data-id="452" src="https://www.kurkkumarkkinat.fi/wp-content/uploads/2023/08/2ed9a243-dcbd-42c0-bd60-083b9340eee6-1024x576.jpg" alt="" class="wp-image-452" srcset="https://www.kurkkumarkkinat.fi/wp-content/uploads/2023/08/2ed9a243-dcbd-42c0-bd60-083b9340eee6-1024x576.jpg 1024w, https://www.kurkkumarkkinat.fi/wp-content/uploads/2023/08/2ed9a243-dcbd-42c0-bd60-083b9340eee6-300x169.jpg 300w, https://www.kurkkumarkkinat.fi/wp-content/uploads/2023/08/2ed9a243-dcbd-42c0-bd60-083b9340eee6-768x432.jpg 768w, https://www.kurkkumarkkinat.fi/wp-content/uploads/2023/08/2ed9a243-dcbd-42c0-bd60-083b9340eee6-1536x864.jpg 1536w, https://www.kurkkumarkkinat.fi/wp-content/uploads/2023/08/2ed9a243-dcbd-42c0-bd60-083b9340eee6.jpg 2048w" sizes="auto, (max-width: 767px) 89vw, (max-width: 1000px) 54vw, (max-width: 1071px) 543px, 580px" /><figcaption class="wp-element-caption">Kurkkulippikset löysivät monen markkinakävijän päähän</figcaption></figure>



<figure class="wp-block-image size-large"><img loading="lazy" decoding="async" width="1024" height="1024" data-id="455" src="https://www.kurkkumarkkinat.fi/wp-content/uploads/2023/08/97406439-886D-413C-903F-0D7D2172F82E-1-1024x1024.png" alt="" class="wp-image-455" srcset="https://www.kurkkumarkkinat.fi/wp-content/uploads/2023/08/97406439-886D-413C-903F-0D7D2172F82E-1-1024x1024.png 1024w, https://www.kurkkumarkkinat.fi/wp-content/uploads/2023/08/97406439-886D-413C-903F-0D7D2172F82E-1-300x300.png 300w, https://www.kurkkumarkkinat.fi/wp-content/uploads/2023/08/97406439-886D-413C-903F-0D7D2172F82E-1-150x150.png 150w, https://www.kurkkumarkkinat.fi/wp-content/uploads/2023/08/97406439-886D-413C-903F-0D7D2172F82E-1-768x768.png 768w, https://www.kurkkumarkkinat.fi/wp-content/uploads/2023/08/97406439-886D-413C-903F-0D7D2172F82E-1-100x100.png 100w, https://www.kurkkumarkkinat.fi/wp-content/uploads/2023/08/97406439-886D-413C-903F-0D7D2172F82E-1.png 1080w" sizes="auto, (max-width: 767px) 89vw, (max-width: 1000px) 54vw, (max-width: 1071px) 543px, 580px" /></figure>



<figure class="wp-block-image size-large"><img loading="lazy" decoding="async" width="576" height="1024" data-id="458" src="https://www.kurkkumarkkinat.fi/wp-content/uploads/2023/08/IMG_0621-576x1024.jpeg" alt="" class="wp-image-458" srcset="https://www.kurkkumarkkinat.fi/wp-content/uploads/2023/08/IMG_0621-576x1024.jpeg 576w, https://www.kurkkumarkkinat.fi/wp-content/uploads/2023/08/IMG_0621-169x300.jpeg 169w, https://www.kurkkumarkkinat.fi/wp-content/uploads/2023/08/IMG_0621-768x1365.jpeg 768w, https://www.kurkkumarkkinat.fi/wp-content/uploads/2023/08/IMG_0621-864x1536.jpeg 864w, https://www.kurkkumarkkinat.fi/wp-content/uploads/2023/08/IMG_0621-1152x2048.jpeg 1152w, https://www.kurkkumarkkinat.fi/wp-content/uploads/2023/08/IMG_0621-scaled.jpeg 1440w" sizes="auto, (max-width: 576px) 100vw, 576px" /><figcaption class="wp-element-caption">Edeltävänä iltana klo 18.00</figcaption></figure>



<figure class="wp-block-image size-large"><img loading="lazy" decoding="async" width="576" height="1024" data-id="457" src="https://www.kurkkumarkkinat.fi/wp-content/uploads/2023/08/IMG_0624-576x1024.jpeg" alt="" class="wp-image-457" srcset="https://www.kurkkumarkkinat.fi/wp-content/uploads/2023/08/IMG_0624-576x1024.jpeg 576w, https://www.kurkkumarkkinat.fi/wp-content/uploads/2023/08/IMG_0624-169x300.jpeg 169w, https://www.kurkkumarkkinat.fi/wp-content/uploads/2023/08/IMG_0624-768x1365.jpeg 768w, https://www.kurkkumarkkinat.fi/wp-content/uploads/2023/08/IMG_0624-864x1536.jpeg 864w, https://www.kurkkumarkkinat.fi/wp-content/uploads/2023/08/IMG_0624-1152x2048.jpeg 1152w, https://www.kurkkumarkkinat.fi/wp-content/uploads/2023/08/IMG_0624-scaled.jpeg 1440w" sizes="auto, (max-width: 576px) 100vw, 576px" /><figcaption class="wp-element-caption">Yhteistyössä on voimaa</figcaption></figure>



<figure class="wp-block-image size-large"><img loading="lazy" decoding="async" width="1024" height="576" data-id="456" src="https://www.kurkkumarkkinat.fi/wp-content/uploads/2023/08/IMG_0631-1024x576.jpeg" alt="" class="wp-image-456" srcset="https://www.kurkkumarkkinat.fi/wp-content/uploads/2023/08/IMG_0631-1024x576.jpeg 1024w, https://www.kurkkumarkkinat.fi/wp-content/uploads/2023/08/IMG_0631-300x169.jpeg 300w, https://www.kurkkumarkkinat.fi/wp-content/uploads/2023/08/IMG_0631-768x432.jpeg 768w, https://www.kurkkumarkkinat.fi/wp-content/uploads/2023/08/IMG_0631-1536x864.jpeg 1536w, https://www.kurkkumarkkinat.fi/wp-content/uploads/2023/08/IMG_0631-2048x1152.jpeg 2048w" sizes="auto, (max-width: 767px) 89vw, (max-width: 1000px) 54vw, (max-width: 1071px) 543px, 580px" /><figcaption class="wp-element-caption">Arpakopin jonoa</figcaption></figure>



<figure class="wp-block-image size-large"><img loading="lazy" decoding="async" width="576" height="1024" data-id="453" src="https://www.kurkkumarkkinat.fi/wp-content/uploads/2023/08/IMG_0634-576x1024.jpeg" alt="" class="wp-image-453" srcset="https://www.kurkkumarkkinat.fi/wp-content/uploads/2023/08/IMG_0634-576x1024.jpeg 576w, https://www.kurkkumarkkinat.fi/wp-content/uploads/2023/08/IMG_0634-169x300.jpeg 169w, https://www.kurkkumarkkinat.fi/wp-content/uploads/2023/08/IMG_0634-768x1365.jpeg 768w, https://www.kurkkumarkkinat.fi/wp-content/uploads/2023/08/IMG_0634-864x1536.jpeg 864w, https://www.kurkkumarkkinat.fi/wp-content/uploads/2023/08/IMG_0634-1152x2048.jpeg 1152w, https://www.kurkkumarkkinat.fi/wp-content/uploads/2023/08/IMG_0634-scaled.jpeg 1440w" sizes="auto, (max-width: 576px) 100vw, 576px" /><figcaption class="wp-element-caption">Maskun kunnanjohtaja Miira Raiskilan markkinoiden avauspuhe</figcaption></figure>



<figure class="wp-block-image size-large"><img loading="lazy" decoding="async" width="768" height="1024" data-id="469" src="https://www.kurkkumarkkinat.fi/wp-content/uploads/2023/08/IMG_0652-768x1024.jpeg" alt="" class="wp-image-469" srcset="https://www.kurkkumarkkinat.fi/wp-content/uploads/2023/08/IMG_0652-768x1024.jpeg 768w, https://www.kurkkumarkkinat.fi/wp-content/uploads/2023/08/IMG_0652-225x300.jpeg 225w, https://www.kurkkumarkkinat.fi/wp-content/uploads/2023/08/IMG_0652-1152x1536.jpeg 1152w, https://www.kurkkumarkkinat.fi/wp-content/uploads/2023/08/IMG_0652-1536x2048.jpeg 1536w, https://www.kurkkumarkkinat.fi/wp-content/uploads/2023/08/IMG_0652-scaled.jpeg 1920w" sizes="auto, (max-width: 767px) 89vw, (max-width: 1000px) 54vw, (max-width: 1071px) 543px, 580px" /><figcaption class="wp-element-caption">Vuoden 2023 kurkunleikkaaja Kimmo Saarinen</figcaption></figure>
</figure>

<p>Kurkkumarkkinat järjestettiin 12.8.2023 40. kerran. Myynnissä oli avomaakurkkuja, kurkkusäilykkeitä, perunoita, valkosipulia, tomaatteja yms kauden juuresta ja vihanneksia. Ruokapuolesta vastasivat erilaiset yhdistykset ja yritykset. Turun Keittiömestarien kojulla maistellaan makuelämyksiä. Jo perinteisen poniajelun ja keppihevosradan lisäksi juhlavuonna lapsia viihdytti&nbsp;taikuri Leevin taikashow. Markkinoiden virallinen avaus tapahtui kello 11:00 ja avajaispuheen piti Maskun uusi kunnanjohtaja Miira Raiskila&nbsp;ja juhlapuheen piti &hellip; </p>
<p class="link-more"><a href="https://www.kurkkumarkkinat.fi/?page_id=432" class="more-link">Jatka lukemista<span class="screen-reader-text"> &#8221;Askaisten Kurkkumarkkinat 2023&#8221;</span></a></p>
